 3*p**2 + p - 5. Suppose -36 + 0 = -3*v. Suppose 5*s + v + 18 = 0. Is o(s) a composite number?
False
Let w(t) = -4*t - 2*t**3 + 4 - 2*t**2 + 7*t**2 - 5 + 3*t**3. Is w(4) a composite number?
False
Suppose 1 = -r - 4, -4*j = -4*r - 1696. Is j prime?
True
Suppose 0 = -r - 9 + 1. Is (r/12)/((-2)/129) a composite number?
False
Let z(g) = 2*g**2 + 4*g + 1. Let o be z(-3). Suppose 3*w + 1 = o. Is w prime?
True
Is (11/3)/(-3*(-3)/54) a composite number?
True
Let j(f) = 53*f**2 - 1. Is j(-2) a composite number?
False
Let k = 7 + -2. Suppose -4*a - 9 = -3*p, -k*a + 8 = 2*p + 2. Suppose p*s = 41 - 2. Is s prime?
True
Let z(t) = -t + 12. Let q be z(8). Suppose 2*u - 98 = -2*v + 4*u, q*v = -4*u + 212. Is v composite?
True
Let f be 18/4 - 1/2. Suppose -1 = -f*q + 19. Suppose -4*s - q*h = -h - 24, 5*h - 16 = -3*s. Is s prime?
True
Suppose p + 3*x = 6*p - 3535, p = 4*x + 707. Is p a composite number?
True
Suppose 0 = m + 8*h - 9*h - 730, 0 = -m - 5*h + 754. Is m composite?
True
Suppose -5*c - 16 = -676. Suppose 3*t - 267 = c. Is t a composite number?
True
Let a = -1953 + 2874. Is a a prime number?
False
Let t(v) = 524*v**2 + 5*v + 9. Is t(-2) a prime number?
False
Let k = 37 - 32. Let m(t) = t**3 + 4*t**2 + 2*t + 2. Let j be m(-3). Suppose -2*g + 5*g = k*p - 233, -j*p + 2*g + 237 = 0. Is p a prime number?
False
Let q(o) = 27*o**2 - 4*o - 4. Is q(-3) composite?
False
Let b(m) = 80*m**3 - 2*m**2 + 1. Let z be b(1). Let x be 4 - 0 - (2 + 0). Suppose -x*p = -p - z. Is p composite?
False
Suppose 325 = 4*y + y. Suppose -u = 4*u - y. Let r = u + 24. Is r prime?
True
Let j(y) = -y + 3. Let g be j(-7). Let a = g - 5. Let m(s) = s + 5. Is m(a) prime?
False
Suppose 2254 = 5*n - 3*i, -i + 551 - 105 = n. Is n a composite number?
False
Let x be (12/(-10))/(4/10). Is (0 - (0 + x))*53 a composite number?
True
Let q(l) = -2*l**2 + 7*l - 3. Let d be q(7). Suppose 0*p - 219 = -3*p. Let w = p + d. Is w prime?
False
Suppose 0 - 4 = 4*s. Let y(h) = 56*h**2 - 1. Is y(s) a composite number?
True
Let r = 12 - 18. Is 3/r*0 + 65 prime?
False
Suppose z = 5*c - 10, 0*c - 27 = -2*c + 5*z. Is -1 - c*-2 - -66 a prime number?
True
Let b(d) = -4*d + 4*d + d**3 - 4. Let i = 6 + -3. Is b(i) prime?
True
Let r be (-1 - -1) + -1 + -1. Let k = -2 - -2. Is (34 - (1 + r)) + k a prime number?
False
Suppose -d = 5*u - 50, 0 = -d - d + 2*u + 40. Is d a composite number?
True
Suppose -w = -4*w. Suppose w = -5*a - 482 - 148. Let j = -35 - a. Is j a composite number?
True
Suppose 5*s - 5*m = 25, 11 + 14 = -5*m. Suppose 2*n = -s*n. Is 1 + 4 + -2 + n a composite number?
False
Let b(a) = a**2 + 8*a. Let k(m) = -m**2 - 7*m + 1. Let z(d) = 2*b(d) + 3*k(d). Let o be z(-5). Suppose 0 = -n - 2*i + 19 + 2, o*n + 2*i = 67. Is n composite?
False
Let u(b) = -1026*b + 5. Is u(-4) a composite number?
True
Suppose a = -4*t - 5, -10 = 2*t - t + 2*a. Suppose o + 17 - 162 = t. Is o a composite number?
True
Is ((-2)/8)/((-30)/361320) prime?
True
Let d(z) = -z - 3. Let j = 0 - 0. Let v be d(j). Is 1 - -18*(v - -4) a composite number?
False
Suppose u - 8 = -3*u. Suppose 0*p = u*p - 106. Is p prime?
True
Let b be ((-28)/3)/(2/(-33)). Let s = b + 27. Is s composite?
False
Suppose -4*z + 3 = -1. Let n(a) = 413*a**2 + 3*a - 1. Is n(z) prime?
False
Suppose -12*y + 8218 = 2*y. Is y a composite number?
False
Suppose -4*c - 5 + 21 = 0. Suppose c*l = -l + 15. Is l prime?
True
Let u be 3/9*0*-1. Suppose g - 7*g = -24. Suppose 0*x + g*x - 748 = u. Is x prime?
False
Suppose 300 = 4*h + 2*f - 548, 3*f = -2*h + 428. Is h a prime number?
True
Let d(r) be the first derivative of -4*r**2 - 9*r - 2. Is d(-8) prime?
False
Let p be 3*(-3)/(-18)*-166. Let s = -46 - p. Is s prime?
True
Let s(j) = -14*j**3 + j**2 - 2*j - 3. Let m = 4 + -6. Let w be s(m). Suppose 5*n = r + 3*r - w, -2*r - 5*n + 21 = 0. Is r prime?
True
Let x = 23 - 19. Let p = 147 - 72. Is x/16 + p/4 a composite number?
False
Let j(d) = -d**2 - 9*d - 2. Let z be j(-8). Let p = z + -8. Is p + 181 + 3 - -1 a composite number?
True
Let x = -2 + 6. Suppose -4*z - 18 = -2*c, z + 2*z + 26 = x*c. Suppose -203 = -5*s + c*k - 48, 4*k = -2*s + 86. Is s composite?
True
Let s(m) = 73*m + 13*m + 3 + 72*m. Is s(8) prime?
False
Suppose -3*v = 2*s - 8*v + 14, 5*s = -5*v + 35. Suppose 273 = s*q + 4*o, 0 = -q - 4*q + 5*o + 455. Is q a composite number?
True
Let o(v) = 10*v - 10. Let x be o(8). Let q be -1 + 1 + (2 - -15). Let g = x - q. Is g a prime number?
True
Is 2 - (-635 - (2 + 2)) composite?
False
Let d(z) = 3*z**2 + 6*z - 7. Let a = 18 + -11. Let l be d(a). Suppose 3*x - 2*u - 110 = -u, -l = -5*x + 3*u. Is x a prime number?
True
Let o(g) = 57*g**3 - g**2 + 2*g - 1. Suppose 4*x = -b - 14 - 1, 0 = 4*x + 16. Is o(b) composite?
True
Let d(f) = 64*f - 9. Is d(2) prime?
False
Let l(i) be the third derivative of 0*i - 1/24*i**4 - 4*i**2 + 0 + 2/3*i**3. Is l(-5) a composite number?
True
Suppose 3*o = -2*o + 5. Is (267 + (-1 - 1))/o a composite number?
True
Let t = 1093 + -614. Is t composite?
False
Let o(c) = 7*c - 2 + 2*c + 4*c + c. Let t be o(3). Suppose t - 195 = -5*w. Is w a composite number?
False
Let n = 271 - 156. Is n a composite number?
True
Suppose 0 = w + 4*w + 310. Let m = w - -241. Is m composite?
False
Let f be -2 - (-12)/(0 + 3). Let i(o) = -4*o + 3. Let g be i(f). Let k(h) = h**2 + 3*h + 5. Is k(g) composite?
True
Is (2/4)/(6/2556) a prime number?
False
Is (3/1)/3*587 a prime number?
True
Suppose 3*u - 252 = 3*a, a - 182 = -3*u + 50. Is u a composite number?
False
Suppose 0 = -0*i - 4*i + 4. Suppose 0 = -f + 50 - 17. Is f/(-6)*(-7 + i) composite?
True
Is (2 + (-336)/9)*(-210)/20 prime?
False
Let a(v) = 177*v**2 + 7*v + 15. Is a(7) prime?
True
Let g = 13691 - 8604. Is g a prime number?
True
Let q = 4 - 1. Let a be -4*q*3/9. Is (198/24)/((-1)/a) prime?
False
Let p(j) be the first derivative of j**4/4 + 5*j**3/3 - j**2/2 - 5*j - 1. Let u be p(-7). Let r = -61 - u. Is r composite?
True
Suppose -3*z + 22657 = 2*y, -2*y + 3*y + z - 11330 = 0. Is y prime?
False
Let q = 133 + -21. Let a = q + -75. Is a prime?
True
Suppose 2*a + 5*q + 8 = 3*q, -5*q = -a - 22. Let u(c) = -43*c - 8. Is u(a) composite?
False
Let r = -4 - 5. Let a = r - -6. Let n(m) = -m**3 + 2*m**2 - 2*m + 2. Is n(a) prime?
True
Let w(p) = -p**3 + 4*p**2 + 5*p + 5. Let u be w(5). Suppose -310 = -u*s - 125. Is s a composite number?
False
Suppose 144 = 6*u - 2190. Is u a composite number?
False
Suppose -4*s - 5*q = -528, -3*q + 623 = 5*s - 6*q. Is s composite?
False
Suppose 5*m - 29 = 3*j, 5*j = 3*m - 11 - 16. Let h be 6 + (3 - j/(-3)). Is -1 + 4 + 6*h a composite number?
True
Suppose 0*k + 4*k = 112. Let y = k + -16. Let l = y + -9. Is l a prime number?
True
Let p(l) = 37*l - 2. Is p(7) composite?
False
Suppose h = -2 + 5. Suppose -159 = -3*s + 3*c, h*s = -2*s + c + 285. Is (-2)/(-4) - s/(-4) prime?
False
Suppose 2*t - 50 = -5*h, 3*h - 6 = 6. Let m = -10 + t. Suppose 250 = q - 5*u - 62, m*q = -5*u + 1410. Is q a prime number?
False
Let s(x) = 10*x**2 + 11*x - 4. Is s(-5) a composite number?
False
Let c = 310 - -11. Is c a prime number?
False
Suppose 3*a - 47 = 115. Let f = a + -32. Is f a composite number?
True
Suppose -1 = 4*v + 23. Let k = 27 + v. Is k a composite number?
True
Let w be (-7 - -8) + (0 - 1). Suppose -5*r + 2*r + 366 = w. Is r a prime number?
False
Let m(l) = 2*l + 12. Let x be m(-6). Suppose x*d - 5*d = -175. Is d a composite number?
True
Let s(x) = 31*x + 1. Let k be s(8). Suppose -5*y + 2*y = -k. Is y a composite number?
False
Suppose -5*d - 3*l = -3383, 2*d + 4*l - 559 = 783. Is d a composite number?
True
Is (-3064)/(-40) + 2/5 a prime number?
False
Is (-753)/(-1)*3/(2 + 7) a composite number?
False
Let r(j) = 2*j**2 - j + 3. Let x(h) = h + 8. Let v be x(0). Is r(v) a composite number?
True
Let u be (-12)/15 + 29/5. Suppose 54 = 4*g - 2*v, -3*g + u*v = -4*g + 8. Is g composite?
False
Suppose 0*m - 12 = -4*m. Suppose m*u = 2*u + 14. Suppose 3*q - 4 = -2*d + 33, 0 = -q + d + u. Is q prime?
True
Let o(v) be the first derivative of 26*v**3/3 + 2*v - 2. Is o(-2) a composite number?
True
Let m = 0 - 5. Let w = m - -2. Is 38 - (-1)/((-3)/w) prime?
False
Let d = 169 - -16. Is d prime?
False
Let w(t) = 3*t**3 - 5*t**2 + 2*t - 2. Suppose -12 = -5*z + 2*z. Let v be w(z). Suppose 0*g = -2*g + v. Is g a prime number?
True